{"id":61,"date":"2022-12-19T20:15:51","date_gmt":"2022-12-19T20:15:51","guid":{"rendered":"https:\/\/basicsl.net\/casagaliciacordoba\/?page_id=61"},"modified":"2022-12-22T23:01:49","modified_gmt":"2022-12-22T23:01:49","slug":"actividades","status":"publish","type":"page","link":"https:\/\/basicsl.net\/casagaliciacordoba\/actividades\/","title":{"rendered":"Actividades"},"content":{"rendered":"\n<p>Variadas son las actividades que desarrollamos en la Casa de Galicia en C\u00f3rdoba:<\/p>\n\n\n\n<ul>\n<li>Viernes gallegos<\/li>\n\n\n\n<li>Club de Lectura<\/li>\n\n\n\n<li>D\u00eda de las Letras Gallegas<\/li>\n\n\n\n<li>Premio de Poes\u00eda \u00abRosal\u00eda de Castro\u00bb<\/li>\n\n\n\n<li>Perol-Romer\u00eda<\/li>\n\n\n\n<li>Caseta en Feria de Nuestra Sra. de la Salud<\/li>\n\n\n\n<li>Excursiones y viajes<\/li>\n<\/ul>\n\n\n\n<p>Sin olvidarnos de nuestras importantes secciones con una actividad emergente e importante para nuestra Asociaci\u00f3n:<\/p>\n\n\n\n<ul>\n<li>Camino de Santiago: Con una impresionante labor de se\u00f1alizaci\u00f3n del Camino Moz\u00e1rabe, informaci\u00f3n y atenci\u00f3n a peregrinos, conferencias, charlas, etc.<\/li>\n\n\n\n<li>Coro Mart\u00edn C\u00f3dax: Coro Polif\u00f3nico que comprende en su interpretaci\u00f3n una amplia gama de estilos musicales, sacra, canciones populares gallegas, andaluzas, etc.<\/li>\n\n\n\n<li>Grupor Folcl\u00f3rico: Grupo de m\u00fasica folcl\u00f3rica gallega interpretando de manera magistral los diferentes estilos tanto musicales como de baile gallegos.<\/li>\n<\/ul>\n","protected":false},"excerpt":{"rendered":"<p>Variadas son las actividades que desarrollamos en la Casa de Galicia en C\u00f3rdoba: Sin olvidarnos de nuestras importantes secciones con una actividad emergente e importante para nuestra Asociaci\u00f3n:<\/p>\n","protected":false},"author":1,"featured_media":309,"parent":0,"menu_order":0,"comment_status":"closed","ping_status":"closed","template":"","meta":[],"_links":{"self":[{"href":"https:\/\/basicsl.net\/casagaliciacordoba\/wp-json\/wp\/v2\/pages\/61"}],"collection":[{"href":"https:\/\/basicsl.net\/casagaliciacordoba\/wp-json\/wp\/v2\/pages"}],"about":[{"href":"https:\/\/basicsl.net\/casagaliciacordoba\/wp-json\/wp\/v2\/types\/page"}],"author":[{"embeddable":true,"href":"https:\/\/basicsl.net\/casagaliciacordoba\/wp-json\/wp\/v2\/users\/1"}],"replies":[{"embeddable":true,"href":"https:\/\/basicsl.net\/casagaliciacordoba\/wp-json\/wp\/v2\/comments?post=61"}],"version-history":[{"count":2,"href":"https:\/\/basicsl.net\/casagaliciacordoba\/wp-json\/wp\/v2\/pages\/61\/revisions"}],"predecessor-version":[{"id":221,"href":"https:\/\/basicsl.net\/casagaliciacordoba\/wp-json\/wp\/v2\/pages\/61\/revisions\/221"}],"wp:featuredmedia":[{"embeddable":true,"href":"https:\/\/basicsl.net\/casagaliciacordoba\/wp-json\/wp\/v2\/media\/309"}],"wp:attachment":[{"href":"https:\/\/basicsl.net\/casagaliciacordoba\/wp-json\/wp\/v2\/media?parent=61"}],"curies":[{"name":"wp","href":"https:\/\/api.w.org\/{rel}","templated":true}]}}

<p>Variadas son las actividades que desarrollamos en la Casa de Galicia en Córdoba:</p>



<ul>
<li>Viernes gallegos</li>



<li>Club de Lectura</li>



<li>Día de las Letras Gallegas</li>



<li>Premio de Poesía «Rosalía de Castro»</li>



<li>Perol-Romería</li>



<li>Caseta en Feria de Nuestra Sra. de la Salud</li>



<li>Excursiones y viajes</li>
</ul>



<p>Sin olvidarnos de nuestras importantes secciones con una actividad emergente e importante para nuestra Asociación:</p>



<ul>
<li>Camino de Santiago: Con una impresionante labor de señalización del Camino Mozárabe, información y atención a peregrinos, conferencias, charlas, etc.</li>



<li>Coro Martín Códax: Coro Polifónico que comprende en su interpretación una amplia gama de estilos musicales, sacra, canciones populares gallegas, andaluzas, etc.</li>



<li>Grupor Folclórico: Grupo de música folclórica gallega interpretando de manera magistral los diferentes estilos tanto musicales como de baile gallegos.</li>
</ul>

<p>Variadas son las actividades que desarrollamos en la Casa de Galicia en Córdoba: Sin olvidarnos de nuestras importantes secciones con una actividad emergente e importante para nuestra Asociación:</p>
