{"id":27,"date":"2022-12-19T19:55:10","date_gmt":"2022-12-19T19:55:10","guid":{"rendered":"https:\/\/basicsl.net\/casagaliciacordoba\/?page_id=27"},"modified":"2022-12-22T23:02:33","modified_gmt":"2022-12-22T23:02:33","slug":"dia-de-las-letras-gallegas","status":"publish","type":"page","link":"https:\/\/basicsl.net\/casagaliciacordoba\/dia-de-las-letras-gallegas\/","title":{"rendered":"D\u00eda de las Letras Gallegas"},"content":{"rendered":"\n<p>El&nbsp;D\u00eda de las Letras Gallegas&nbsp;(D\u00eda das Letras Galegas) es una celebraci\u00f3n instituida en 1963 por la Real Academia Gallega para homenajear a aquellas personas que destacasen por su creaci\u00f3n literaria en idioma gallego o por su defensa de dicha lengua. Cada a\u00f1o se dedica a una personalidad diferente, escogida por la Real Academia Gallega, teniendo en cuenta que se exigen al menos diez a\u00f1os desde su fallecimiento.<\/p>\n\n\n\n<p><br>La fecha de celebraci\u00f3n de este evento, el 17 de mayo, se debe a que en tal d\u00eda como \u00e9se, en 1863, se public\u00f3 en La Habana el primer ejemplar de la obra&nbsp;Cantares Gallegos, de Rosal\u00eda de Castro, que marcar\u00eda el inicio del \u00abRexurdimento\u00bb, o renacimiento cultural del gallego.<\/p>\n\n\n\n<p><br>La Casa de Galicia en C\u00f3rdoba celebra el&nbsp;D\u00eda de las Letras gallegas&nbsp;continuando con la misma l\u00ednea del origen de esta celebraci\u00f3n: el fomento de las letras y la difusi\u00f3n de la cultura gallega. Para ello en este d\u00eda se llevan a cabo diversas actividades en el mismo acto: &nbsp;homenaje al autor escogido durante ese a\u00f1o por la Real Academia Gallega como figura relevante, Fallo del Premio de Poes\u00eda Rosal\u00eda de Castro, y se ameniza con alguna actuaci\u00f3n musical, donde los sones gallegos resuenan en esta ciudad califal.<\/p>\n\n\n<div class=\"wp-block-image\">\n<figure class=\"aligncenter size-large\"><img decoding=\"async\" loading=\"lazy\" width=\"926\" height=\"1024\" src=\"https:\/\/basicsl.net\/casagaliciacordoba\/wp-content\/uploads\/2022\/12\/ANTON-FRAGUAS-DE-IRENE-SILVA-926x1024.jpg\" alt=\"\" class=\"wp-image-162\" srcset=\"https:\/\/basicsl.net\/casagaliciacordoba\/wp-content\/uploads\/2022\/12\/ANTON-FRAGUAS-DE-IRENE-SILVA-926x1024.jpg 926w, https:\/\/basicsl.net\/casagaliciacordoba\/wp-content\/uploads\/2022\/12\/ANTON-FRAGUAS-DE-IRENE-SILVA-271x300.jpg 271w, https:\/\/basicsl.net\/casagaliciacordoba\/wp-content\/uploads\/2022\/12\/ANTON-FRAGUAS-DE-IRENE-SILVA-768x849.jpg 768w, https:\/\/basicsl.net\/casagaliciacordoba\/wp-content\/uploads\/2022\/12\/ANTON-FRAGUAS-DE-IRENE-SILVA-1389x1536.jpg 1389w, https:\/\/basicsl.net\/casagaliciacordoba\/wp-content\/uploads\/2022\/12\/ANTON-FRAGUAS-DE-IRENE-SILVA-54x60.jpg 54w, https:\/\/basicsl.net\/casagaliciacordoba\/wp-content\/uploads\/2022\/12\/ANTON-FRAGUAS-DE-IRENE-SILVA-270x300.jpg 270w, https:\/\/basicsl.net\/casagaliciacordoba\/wp-content\/uploads\/2022\/12\/ANTON-FRAGUAS-DE-IRENE-SILVA.jpg 1710w\" sizes=\"(max-width: 926px) 100vw, 926px\" \/><figcaption class=\"wp-element-caption\"><strong>ANTONIO FRAGUAS, HOMENAJEADO POR LA REAL ACADEMIA GALLEGA EN 2019<\/strong><br><a href=\"http:\/\/casagaliciacordoba.com\/wp-content\/uploads\/2019\/06\/ANT%C3%93N-FRAGUAS-DE-IRENE-SILVA.jpg\"><\/a><\/figcaption><\/figure><\/div>","protected":false},"excerpt":{"rendered":"<p>El&nbsp;D\u00eda de las Letras Gallegas&nbsp;(D\u00eda das Letras Galegas) es una celebraci\u00f3n instituida en 1963 por la Real Academia Gallega para homenajear a aquellas personas que destacasen por su creaci\u00f3n literaria &hellip; <\/p>\n","protected":false},"author":1,"featured_media":309,"parent":0,"menu_order":0,"comment_status":"closed","ping_status":"closed","template":"","meta":[],"_links":{"self":[{"href":"https:\/\/basicsl.net\/casagaliciacordoba\/wp-json\/wp\/v2\/pages\/27"}],"collection":[{"href":"https:\/\/basicsl.net\/casagaliciacordoba\/wp-json\/wp\/v2\/pages"}],"about":[{"href":"https:\/\/basicsl.net\/casagaliciacordoba\/wp-json\/wp\/v2\/types\/page"}],"author":[{"embeddable":true,"href":"https:\/\/basicsl.net\/casagaliciacordoba\/wp-json\/wp\/v2\/users\/1"}],"replies":[{"embeddable":true,"href":"https:\/\/basicsl.net\/casagaliciacordoba\/wp-json\/wp\/v2\/comments?post=27"}],"version-history":[{"count":3,"href":"https:\/\/basicsl.net\/casagaliciacordoba\/wp-json\/wp\/v2\/pages\/27\/revisions"}],"predecessor-version":[{"id":310,"href":"https:\/\/basicsl.net\/casagaliciacordoba\/wp-json\/wp\/v2\/pages\/27\/revisions\/310"}],"wp:featuredmedia":[{"embeddable":true,"href":"https:\/\/basicsl.net\/casagaliciacordoba\/wp-json\/wp\/v2\/media\/309"}],"wp:attachment":[{"href":"https:\/\/basicsl.net\/casagaliciacordoba\/wp-json\/wp\/v2\/media?parent=27"}],"curies":[{"name":"wp","href":"https:\/\/api.w.org\/{rel}","templated":true}]}}

Día de las Letras Gallegas

<p>El&nbsp;Día de las Letras Gallegas&nbsp;(Día das Letras Galegas) es una celebración instituida en 1963 por la Real Academia Gallega para homenajear a aquellas personas que destacasen por su creación literaria en idioma gallego o por su defensa de dicha lengua. Cada año se dedica a una personalidad diferente, escogida por la Real Academia Gallega, teniendo en cuenta que se exigen al menos diez años desde su fallecimiento.</p>



<p><br>La fecha de celebración de este evento, el 17 de mayo, se debe a que en tal día como ése, en 1863, se publicó en La Habana el primer ejemplar de la obra&nbsp;Cantares Gallegos, de Rosalía de Castro, que marcaría el inicio del «Rexurdimento», o renacimiento cultural del gallego.</p>



<p><br>La Casa de Galicia en Córdoba celebra el&nbsp;Día de las Letras gallegas&nbsp;continuando con la misma línea del origen de esta celebración: el fomento de las letras y la difusión de la cultura gallega. Para ello en este día se llevan a cabo diversas actividades en el mismo acto: &nbsp;homenaje al autor escogido durante ese año por la Real Academia Gallega como figura relevante, Fallo del Premio de Poesía Rosalía de Castro, y se ameniza con alguna actuación musical, donde los sones gallegos resuenan en esta ciudad califal.</p>


<div class="wp-block-image">
<figure class="aligncenter size-large"><img decoding="async" loading="lazy" width="926" height="1024" src="https://basicsl.net/casagaliciacordoba/wp-content/uploads/2022/12/ANTON-FRAGUAS-DE-IRENE-SILVA-926x1024.jpg" alt="" class="wp-image-162" srcset="https://basicsl.net/casagaliciacordoba/wp-content/uploads/2022/12/ANTON-FRAGUAS-DE-IRENE-SILVA-926x1024.jpg 926w, https://basicsl.net/casagaliciacordoba/wp-content/uploads/2022/12/ANTON-FRAGUAS-DE-IRENE-SILVA-271x300.jpg 271w, https://basicsl.net/casagaliciacordoba/wp-content/uploads/2022/12/ANTON-FRAGUAS-DE-IRENE-SILVA-768x849.jpg 768w, https://basicsl.net/casagaliciacordoba/wp-content/uploads/2022/12/ANTON-FRAGUAS-DE-IRENE-SILVA-1389x1536.jpg 1389w, https://basicsl.net/casagaliciacordoba/wp-content/uploads/2022/12/ANTON-FRAGUAS-DE-IRENE-SILVA-54x60.jpg 54w, https://basicsl.net/casagaliciacordoba/wp-content/uploads/2022/12/ANTON-FRAGUAS-DE-IRENE-SILVA-270x300.jpg 270w, https://basicsl.net/casagaliciacordoba/wp-content/uploads/2022/12/ANTON-FRAGUAS-DE-IRENE-SILVA.jpg 1710w" sizes="(max-width: 926px) 100vw, 926px" /><figcaption class="wp-element-caption"><strong>ANTONIO FRAGUAS, HOMENAJEADO POR LA REAL ACADEMIA GALLEGA EN 2019</strong><br><a href="http://casagaliciacordoba.com/wp-content/uploads/2019/06/ANT%C3%93N-FRAGUAS-DE-IRENE-SILVA.jpg"></a></figcaption></figure></div>

<p>El&nbsp;Día de las Letras Gallegas&nbsp;(Día das Letras Galegas) es una celebración instituida en 1963 por la Real Academia Gallega para homenajear a aquellas personas que destacasen por su creación literaria &hellip; </p>
