{"id":22,"date":"2022-12-19T19:55:10","date_gmt":"2022-12-19T19:55:10","guid":{"rendered":"https:\/\/basicsl.net\/casagaliciacordoba\/?page_id=22"},"modified":"2022-12-22T22:58:31","modified_gmt":"2022-12-22T22:58:31","slug":"quienes-somos","status":"publish","type":"page","link":"https:\/\/basicsl.net\/casagaliciacordoba\/quienes-somos\/","title":{"rendered":"Qui\u00e9nes somos"},"content":{"rendered":"<div class=\"wp-block-image\">\n<figure class=\"aligncenter size-full is-resized\"><img decoding=\"async\" loading=\"lazy\" src=\"https:\/\/basicsl.net\/casagaliciacordoba\/wp-content\/uploads\/2022\/12\/sede-casa-de-galicia2.jpg\" alt=\"\" class=\"wp-image-148\" width=\"446\" height=\"595\" srcset=\"https:\/\/basicsl.net\/casagaliciacordoba\/wp-content\/uploads\/2022\/12\/sede-casa-de-galicia2.jpg 700w, https:\/\/basicsl.net\/casagaliciacordoba\/wp-content\/uploads\/2022\/12\/sede-casa-de-galicia2-225x300.jpg 225w, https:\/\/basicsl.net\/casagaliciacordoba\/wp-content\/uploads\/2022\/12\/sede-casa-de-galicia2-45x60.jpg 45w\" sizes=\"(max-width: 446px) 100vw, 446px\" \/><\/figure><\/div>\n\n\n<p><\/p>\n\n\n\n<p>La Casa de Galicia en C\u00f3rdoba es tanto una embajada de la comunidad gallega en Andaluc\u00eda como una instituci\u00f3n cultural totalmente entroncada en el tejido social y cultural de la ciudad y provincia de C\u00f3rdoba.<br>Con ambas dimensiones institucionales, inextricablemente unidas, se pretende lograr un doble objetivo:<br>1. Difundir el concepto de \u201cgalleguidad\u201d \u2013 galeguidade<br>2. Facilitar el enriquecedor encuentro de culturas diversas con el fin de desarrollar plenamente el ser humano.<br>La \u201cgalleguidad\u201d consiste en encarnar y extender razonada y espiritualmente lo espec\u00edfico del paisaje, la historia y la lengua del pueblo gallego como configuradores de un modo de pensar y sentir propios, pero incorporando, respetando y amando el paisaje, la historia y la lengua de aquellos otros pueblos en los que vive, como en su propia casa, la di\u00e1spora gallega.<br>El fruct\u00edfero encuentro de culturas diversas -en nuestro caso la gallega y andaluza- tiene en C\u00f3rdoba un inigualable campo de experimentaci\u00f3n. El gallego encuentra en esta ciudad milenaria de las Tres Culturas (Cristianismo, Islamismo y Juda\u00edsmo) el mejor modelo de convivencia; al tiempo que este viejo reino de C\u00f3rdoba recibe la frescura cultural celta, fraguada tambi\u00e9n en el crisol de pueblos distintos y vivificada continuamente por la universalidad cong\u00e9nita del gallego emigrante.<br>Para desarrollar este doble objetivo son miembros de la Casa de Galicia en C\u00f3rdoba unos pocos gallegos y much\u00edsimos cordobeses, que de manera voluntaria y totalmente desinteresada nos unimos en un proyecto com\u00fan, ilusionante e ilusionado: brindarle al otro (al familiar, al amigo y al vecino) un modo de vida basado en el respeto sincero, el afecto profundo y la tolerancia rec\u00edproca a trav\u00e9s de una serie de actividades programadas.<br>Estas ya importantes e, incluso, emotivas actividades -culturales, l\u00fadicas, sociales y gastron\u00f3micas- se coordinan desde la sede burocr\u00e1tica de la Plaza de San Pedro y se impulsan por los \u00f3rganos unipersonales y colegiados de la Casa de Galicia en estrech\u00edsima relaci\u00f3n con las muchas y ejemplares entidades colaboradoras tanto p\u00fablicas como privadas de C\u00f3rdoba.<\/p>\n\n\n\n<figure class=\"wp-block-image is-style-default\"><img alt=\"\"\/><\/figure>\n\n\n\n<figure class=\"wp-block-image\"><img alt=\"\"\/><\/figure>\n\n\n\n<figure class=\"wp-block-image\"><img alt=\"\"\/><\/figure>\n","protected":false},"excerpt":{"rendered":"<p>La Casa de Galicia en C\u00f3rdoba es tanto una embajada de la comunidad gallega en Andaluc\u00eda como una instituci\u00f3n cultural totalmente entroncada en el tejido social y cultural de la &hellip; <\/p>\n","protected":false},"author":1,"featured_media":308,"parent":0,"menu_order":0,"comment_status":"closed","ping_status":"closed","template":"","meta":[],"_links":{"self":[{"href":"https:\/\/basicsl.net\/casagaliciacordoba\/wp-json\/wp\/v2\/pages\/22"}],"collection":[{"href":"https:\/\/basicsl.net\/casagaliciacordoba\/wp-json\/wp\/v2\/pages"}],"about":[{"href":"https:\/\/basicsl.net\/casagaliciacordoba\/wp-json\/wp\/v2\/types\/page"}],"author":[{"embeddable":true,"href":"https:\/\/basicsl.net\/casagaliciacordoba\/wp-json\/wp\/v2\/users\/1"}],"replies":[{"embeddable":true,"href":"https:\/\/basicsl.net\/casagaliciacordoba\/wp-json\/wp\/v2\/comments?post=22"}],"version-history":[{"count":4,"href":"https:\/\/basicsl.net\/casagaliciacordoba\/wp-json\/wp\/v2\/pages\/22\/revisions"}],"predecessor-version":[{"id":150,"href":"https:\/\/basicsl.net\/casagaliciacordoba\/wp-json\/wp\/v2\/pages\/22\/revisions\/150"}],"wp:featuredmedia":[{"embeddable":true,"href":"https:\/\/basicsl.net\/casagaliciacordoba\/wp-json\/wp\/v2\/media\/308"}],"wp:attachment":[{"href":"https:\/\/basicsl.net\/casagaliciacordoba\/wp-json\/wp\/v2\/media?parent=22"}],"curies":[{"name":"wp","href":"https:\/\/api.w.org\/{rel}","templated":true}]}}